d - 15 = 3*i. Determine o(d).
-6
Let h(p) = -p**3 + 10*p**2 - 10*p + 2. Let k(w) = -3*w**3 + 29*w**2 - 29*w + 6. Let m(v) = -8*h(v) + 3*k(v). Give m(6).
-4
Suppose -s - 19 = -5*y, -3*y + 3*s + 13 + 8 = 0. Suppose -9 - y = -2*k. Let p(m) = m**3 - 7*m**2 + 6*m - 4. What is p(k)?
-4
Suppose 4*w = 7 - 15. Let s(c) = -c**3 - 3*c**2 - 3*c. Determine s(w).
2
Let m(x) = 2*x - 4. Suppose 2*f = -f - 6. Let s = 1 - f. Let q(w) = -3*w + 8. Let z(a) = s*q(a) + 5*m(a). Determine z(-5).
-1
Let x(p) = p**2 + 5*p - 1. Let w(z) = -z**3 - 5*z**2 + 2*z + 4. Let n be w(-5). Determine x(n).
5
Let t(j) = -14*j - 8 + 34*j - 19*j. Calculate t(-6).
-14
Let u(q) = -6*q - q**3 - q**2 + 9*q**2 + 0*q**2 - 2*q**2 + 2. What is u(5)?
-3
Let y be ((-99)/44)/((-3)/4). Let o(w) = 8 - y + w + 4. Give o(-4).
5
Suppose 3 = -3*h - 9. Let c(k) be the first derivative of 3 + 2/3*k**3 + 7/2*k**2 + 4*k. What is c(h)?
8
Let i be 0/(-2 + 1 - -4). Suppose i*u - 4 = -u. Let o(m) = 2*m - 1 + 4 + m - u*m. Give o(-4).
7
Let p(u) = -2 + 3*u + 1 - 4*u. Let t = 92 + -89. Determine p(t).
-4
Let o(v) = 3*v. Let r be (-2 - 12 - -4)/2. Determine o(r).
-15
Let s be 4 - (-1 - 4/(-2)). Suppose 10 = -s*p - 2*p. Let t(x) be the third derivative of x**6/120 + x**5/15 + x**4/8 + x**3/6 + 4*x**2. What is t(p)?
3
Let g(y) = -4*y + 0*y - 3*y + y. Give g(-2).
12
Suppose -a = -7*a + 6. Suppose -3*l - 1 - 2 = 3*s, s = -3. Let u(i) = -1 - i + l + 0. Calculate u(a).
0
Let k(f) = -f**2 - f - 1. Let a(y) = -3*y**2 - 3*y + 5. Let q(g) = -a(g) + 2*k(g). What is q(-5)?
13
Let n(z) = 9*z**3 - 1. Suppose -4*k + 2*y + y = -11, 4*k - 1 = y. Calculate n(k).
-10
Suppose 7 = 3*p - 11. Let o(h) = -h**2 + 7*h - 6. Calculate o(p).
0
Let d(t) be the first derivative of -t**3/3 + t**2/2 + 2*t + 12. What is d(5)?
-18
Let t(h) be the second derivative of -h**4/12 + 2*h**3/3 - 6*h. Determine t(5).
-5
Let t(c) = -c**3 - 6*c**2 + c + 6. Let b(u) = 9 + 2 + 9*u - 3 - 7*u. Let g be b(-7). Give t(g).
0
Let a(l) = -l**2 + 3*l - 3. Let q be a(3). Let t(y) = -4*y - 3*y - y - 2*y**2 + 5*y. What is t(q)?
-9
Let u(b) = -12*b**3 + 2*b**2 - b. Let p = -1 - -5. Let a(d) = -23*d**3 + 3*d**2 - 2*d. Let m(f) = p*a(f) - 7*u(f). Determine m(-1).
7
Let v(a) = -5*a**3 + 4*a**2 - 10*a + 6. Let i(z) = -9*z**3 + 8*z**2 - 19*z + 11. Let r(c) = 6*i(c) - 11*v(c). Suppose -4*l - 24 + 4 = 0. Determine r(l).
-5
Let r(x) = -x**2 + 3*x - 1. Let b be r(4). Let s(l) = -168*l + 5 - 2*l**2 + 3*l**2 + 2 + 174*l. Give s(b).
2
Let f = -4 + 12. Let d(z) = z - 10. Calculate d(f).
-2
Let x = -4/9 + 16/9. Let w(t) be the first derivative of x*t**3 - 1/4*t**4 - 4*t - 1/2*t**2 + 2. Calculate w(3).
2
Let j(d) = d + 9. Suppose -3*o + 3*k + 12 = 0, 16 = o - 3*k + 2. Let t(q) = 7*q**3 + q**2 + q + 1. Let l be t(o). Give j(l).
3
Let k(c) = 3*c - 6. Let v(l) = 20*l - 20. Let u(s) = -7*s + 7. Let r(b) = -17*u(b) - 6*v(b). Let j(q) = k(q) + 4*r(q). Determine j(0).
-2
Let k = -12 - 7. Let m = 9 + k. Let n = m + 11. Let h(u) = u - 2. What is h(n)?
-1
Let j(o) = -2*o**2 - 3*o - 3. Suppose 0*g - 3 = -3*k + g, -7 = -2*k - g. Suppose -6*h + 19 = -5. Let l = k - h. Calculate j(l).
-5
Let w(r) = r - 1. Let j(s) = -6*s. Let l(u) = 3*u. Let m(x) = -6*j(x) - 11*l(x). Let a(g) = m(g) - 4*w(g). What is a(-3)?
7
Let c(f) = -f + 2*f + 3*f**3 + 2 + 4*f**2 - 5*f**3 + 3*f**3. Determine c(-2).
8
Let u(z) be the third derivative of -z**6/60 - z**5/60 - 2*z**2 - 1. Determine u(-2).
12
Let r(i) be the second derivative of -1/2*i**3 + 0 + 2*i + 2*i**2. Let f = 0 - -3. Calculate r(f).
-5
Let k(u) = u - 7. Suppose -32 - 10 = 3*g. Let w = -8 - g. Suppose p + 1 = w. What is k(p)?
-2
Let j(x) = 2*x + 13. Let z(l) = 2*l + 7. Let v(d) = d. Let w(a) = v(a) - z(a). Let g(s) = -4*j(s) - 7*w(s). Calculate g(-4).
1
Suppose -6*r = -3*r. Suppose -9 = -2*i - i. Let p(m) = -2*m**i + 3 + m**3 + r. Determine p(0).
3
Let d(k) = -5*k**3 - 7*k**2 + 10*k - 4. Let c(n) = -n**3 + n. Let o(b) = -6*c(b) + d(b). Give o(6).
-16
Let q(r) = -r**2 - 2*r + 10. Let g(l) = -l**2 - l + 9. Let x(c) = 6*g(c) - 5*q(c). Determine x(6).
-8
Let g = -9 + 19. Suppose -4 = -2*y - g. Let d(j) = -4*j + 6*j + 0*j + 1. Determine d(y).
-5
Let f(z) = -z**3 + 4*z**2 + 4*z - 2. Let k(b) = -b**2 + 2. Let s be k(0). Let y be 9/6*s/(-3). Let v(n) = -4*n + 1. Let c be v(y). What is f(c)?
-7
Let x(j) be the third derivative of j**7/5040 + j**6/144 - j**5/20 - 2*j**2. Let a(c) be the third derivative of x(c). Suppose -2*i = 9 + 1. Determine a(i).
0
Suppose 4*f + 4 - 24 = 0. Let x(b) = b**3 - 6*b**2 + 6*b - 3. What is x(f)?
2
Let s(u) be the first derivative of -2*u**2 + 3*u - 2. Let y = -3 + 5. Give s(y).
-5
Let w(s) = -2*s**2 - s + 1. Let j(u) = 2*u**2. Let c(a) = -4*j(a) - 3*w(a). Suppose 4*i + t = 7, 3*t + 8 = 5*i + 5*t. Determine c(i).
-5
Let o(r) = -7 - r + 5 - 4 - 6. Determine o(-6).
-6
Let t = 6 - 5. Let d be t*(3/(-1))/3. Let c(y) = 9*y. Give c(d).
-9
Let o = 63 - 70. Let z(p) = -p**2 - 6*p - 7. Determine z(o).
-14
Let t(q) = 2*q**2 - 3*q + 2. Let w be t(2). Let a(z) be the third derivative of -z**2 - 1/2*z**3 - 5/24*z**4 + 0*z - 1/20*z**5 + 0 + 1/120*z**6. What is a(w)?
-7
Let p be (-87)/(-15) + 1/5. Suppose -5*c + p*x = x, 6 = 3*c - x. Suppose 0 = -4*l - w + 13, c*w - 9 = -0*l + 3*l. Let s(y) = 6*y - 3. Calculate s(l).
9
Let v(h) = 5*h - 1. Let o(k) = -k + 1. Let p(f) = 4*o(f) + v(f). What is p(4)?
7
Let h(d) = 2*d**3 + 2*d - 1. Let o be h(1). Suppose 5*j = -0*j, o*a - 4*j - 9 = 0. Let b(c) = 5*c + 3*c**a - 3*c - c - 4*c**3. What is b(1)?
0
Suppose 0 = -2*c - 3*c - 20. Let s = 2 + c. Let a(r) = -3*r - 2. Determine a(s).
4
Let d(b) be the second derivative of -7/24*b**4 + 0 - 4*b - 2*b**2 - 1/6*b**3. Let g(p) be the first derivative of d(p). Determine g(-1).
6
Let j(b) = -4*b + 9. Suppose -46 = -8*g + 2. Determine j(g).
-15
Let i(d) = -d**3 + 4*d**2 + 8*d - 5. Let y(j) = -j**2 - 11*j - 13. Let v be y(-9). Determine i(v).
10
Let r(d) = 2*d**2 - d + 1. Let t = -9 + 11. Give r(t).
7
Let y(t) be the first derivative of -t**4/4 + 2*t**3 - 7*t**2/2 + 5*t + 1. Let u(x) = 2*x - 3. Let l be u(4). Determine y(l).
-5
Let p(c) = -c**3 + c**2 - 2*c + 3. Let y(x) = -x**3 + 2*x**2 + x. Let h(q) = -q**2 + 6*q + 2. Let n be h(6). Let t be y(n). Give p(t).
-5
Let g be 94/(-18) - 8/(-36). Let v(f) = -f**3 - 4*f**2 + 6*f - 1. What is v(g)?
-6
Let u(l) = -14*l**2 + 4*l + 1. Let h(g) = 5*g**2 - g. Let b(o) = -17*h(o) - 6*u(o). Give b(-6).
0
Let j(x) = -x + 13. Let i = -28 + 39. Let p be j(i). Let a(o) be the third derivative of o**4/8 + o**3/6 - 3*o**2. Give a(p).
7
Let h(x) be the second derivative of -x**5/20 - 7*x**4/12 - x**3/2 + 7*x**2/2 + 2*x. Let o = 12 + -18. What is h(o)?
-11
Suppose -4*t = -4*y, -3*t + t + 2 = -3*y. Let d be 3*(-2 + 8/3). Let o(u) = -4*u - 3*u**2 + 1 - u**d - 3. Calculate o(t).
-10
Let l(t) = -t**2 + 4*t - 1. Let r(d) = -d**2 + 7*d - 4. Let o(i) = -i**2 + 8*i - 5. Let a(h) = 3*o(h) - 4*r(h). Let q(u) = 3*a(u) + 2*l(u). What is q(4)?
1
Let o(d) = d**3 - 8*d**2 + 4*d + 7. Suppose -2 = 7*x - 51. Determine o(x).
-14
Let s = -39 - -55. Suppose 6 = 4*d - m, -4*m = 4*d - 0 - s. Let c(y) = -4*y + 3 + d + 10*y + y**2. What is c(-4)?
-3
Let q be 15*(1 - 4/3). Let f(g) = -11*g - 19. Let z(r) = 5*r + 9. Let y(l) = -4*f(l) - 9*z(l). Give y(q).
0
Let f(a) = a**3 + 3*a**2 + a + 1. Let i be -3 + (2 - 2 - -7). Suppose h + i = 1. Give f(h).
-2
Let w(d) = 2*d + 6. Let t = -28 - -32. Let c be -1 + (0 - 1*-11). Suppose o - m = -c, t*m - 28 = -8. Determine w(o).
-4
Let j(z) = z + 2. Let f be j(5). Let g(w) = 0*w**3 - 1 + 2 - w - w**2 - 5 - 3*w**3. Let x(m) = 4*m**3 + 2*m**2 + m + 6. Let s(y) = f*g(y) + 5*x(y). Give s(3).
-4
Let l(j) = -j. Let a be (-4)/(-10) - (-34)/(-10). Let m = 6 + a. What is l(m)?
-3
Let p(g) = -33*g + 2 + 36*g - 3. Determine p(3).
8
Let q be ((-10)/(-20))/(2/(-24)). Let o(g) = g**2 + 4*g - 7. Give o(q).
5
Suppose 0 = 3*l + f + 4*f + 16, -2*l = -5*f - 6. Let b(h) be the first derivative of 2*h - 5 + 2/3*h**3 + 1/4*h**4 + 1/2*h**2. Calculate b(l).
0
Let h(r) = 9*r**3 + r**2 + r + 1. Let q be 1/4 + (-153)/(-12). Let m = q + -9. Suppose 0*p + 4*p + m = -3*s, -s - 4 = 4*p. Give h(p).
-8
Let n(q) = -1 + q**3 + q**2 - q**2 + 296*q - 299*q. Give n(-2).
-3
Let o = 1 + 1. Suppose -o*a - 1 = 7. Let q(v) = v + 4. Calculate q(a).
0
Let v(y) = 8*y**2 - y + 1. Su